e greatest common divisor of 20 and s.
4
Suppose -5*w = 2*y - 42, 5*y - 2*w - 25 = 2*y. Let u = 37 - y. What is the greatest common divisor of 4 and u?
2
Suppose 1775*f - 60 = 887*f + 882*f. Let y = 6 + -6. Let h be 8 + (2 + y - 0). Calculate the highest common factor of h and f.
10
Suppose -20*g + 514 - 54 = 0. Suppose -4*u = -u - 1908. Suppose 2*w - a - 334 = 2*a, -2*a = 4*w - u. What is the greatest common factor of w and g?
23
Let c(y) = 2*y**3 - y**2 - y + 140. Let v be c(0). Let j be 7/(v/(-264))*(-20)/2. What is the greatest common divisor of 66 and j?
66
Suppose 3*g + 3*i - 525 = 0, -2*g - 527 = -5*g - i. Suppose 3*a - 30 = q, -2*q = a - 0*q - 3. Let v = 13 + a. What is the greatest common divisor of v and g?
22
Let v(w) = -5*w + 121. Let d be v(23). Let y be (-1788)/(-18) + (-2)/d. Suppose -3 = -3*j, 2*r - j = -6 + 41. Calculate the highest common divisor of r and y.
9
Suppose -3*a - 2*a = 4*a - 630. What is the greatest common factor of 1620 and a?
10
Suppose -179648 = 214*v - 221*v. Calculate the greatest common factor of 64 and v.
64
Let l be 5/(5 - (6 + (-80)/75)). What is the greatest common factor of 5825 and l?
25
Let y(c) = 3*c**3 - 5*c**2 + c + 8. Let r be y(2). Let b(z) = z**3 + 7*z**2 - 4. Let n be b(-5). Let w = n - r. What is the greatest common factor of w and 48?
16
Suppose 0 = 3*o - 3*v - 603, 3*o + 3*v + 4 = 589. Let j = 3 - -27. Let a = j - 8. What is the highest common factor of o and a?
22
Let s = -215 + 230. Let x(q) = 5*q - 3. Let f be x(s). What is the greatest common divisor of 120 and f?
24
Let s(t) = 19*t**2 + 2050*t + 331. Let q be s(-116). What is the greatest common factor of q and 15?
15
Let d be (-2)/(-6) + 70/6. Suppose 2*v + 2*s = 698, -4*s + 849 - 845 = 0. What is the highest common divisor of d and v?
12
Let z(k) = 55*k**2 - 15*k - 5. Let m be z(-2). Let f = m - 119. Calculate the highest common divisor of 72 and f.
18
Let f = -160 - -175. Let u(z) = z**2 - 14*z - 3. Let h be u(f). Calculate the greatest common divisor of h and 42.
6
Let i(o) = 10253*o - 930. Let s be i(4). Calculate the greatest common factor of s and 14.
14
Let q = -221 + 239. Let m be (-10)/(-15) + 87/q*76. What is the highest common factor of m and 23?
23
Let v(b) = 48*b + 39. Let x be v(8). Let u be 50/6 + -3*(-6)/27. What is the highest common factor of u and x?
9
Let y = -6382 + 6430. Calculate the greatest common divisor of y and 92.
4
Let v = -342 + 336. Let y be v/(-11) - (-42336)/792. Suppose -2*x - d = -2*d - 16, 0 = 3*x - 3*d - 30. Calculate the highest common factor of x and y.
6
Let j be (-2)/(-12)*-2 - (13 + 11820/(-36)). Calculate the greatest common divisor of 1785 and j.
105
Let i = -196 + 199. Suppose 3*j + 15 = 0, 0 = -i*t - 3*j + 7*j + 119. Calculate the highest common factor of t and 3.
3
Suppose -10*v + 1907 - 427 = 0. Suppose -152 = -12*b + v. Suppose -5*g - z + 126 = 0, 5*z + 16 = g - 4. What is the greatest common factor of g and b?
25
Let v be 172 + (4 - (-5 - 5)). Calculate the highest common divisor of 3968 and v.
62
Suppose -17628 = -876*c + 850*c. Calculate the greatest common factor of c and 4407.
339
Let q(g) = 5*g**2 - 52*g + 143. Let b be q(5). Calculate the highest common factor of b and 2844.
4
Suppose -3*g = g + 2*p - 344, -3*p = -g + 93. Let z be g/15 - 6 - 392/(-10). What is the highest common factor of 156 and z?
39
Suppose -32*b - 8 = -33*b. Suppose b*h - 4*h = 36. Calculate the highest common divisor of h and 99.
9
Let j(u) = u + 155. Suppose 141 = -8*z + 4*z - 5*t, -z + t - 24 = 0. Let o be j(z). Calculate the greatest common divisor of o and 182.
14
Suppose 2*r + 93 - 190 - 645 = v, -v = 0. Calculate the highest common divisor of 4293 and r.
53
Suppose 3*b - 5*b = -t + 39, 2*t - 73 = 3*b. Suppose 150*o - 148*o = -5*q + 1303, -2*q + 5*o = -527. What is the greatest common divisor of q and t?
29
Suppose -30*s = -16*s - 2590. What is the highest common divisor of 5 and s?
5
Let c be 32/3*24 - 9. Calculate the highest common factor of 950 and c.
19
Let u be (7/(-7))/(7/2051). Let z = u + 563. Calculate the greatest common factor of z and 108.
54
Let v(b) = 37*b - 10. Let n be v(2). Let p = 88 - 85. Let h be (n/p)/((-7)/(-3) + -2). What is the highest common divisor of h and 32?
32
Let v(x) = -5*x**2 + 26*x + 15. Let b be v(10). Let f be (0 - -2)/6 - 3525/b. What is the highest common factor of 24 and f?
8
Let g be (44/3)/(((-36)/(-189))/1). Calculate the highest common divisor of 28 and g.
7
Suppose 4*d - 148 = 3*h, 2*d + 4*h - 112 + 16 = 0. Suppose 0 = 4*r + 26 - 34. Suppose 5*v + r = 52. What is the greatest common factor of v and d?
10
Let v be (3/2)/(222/8584). Calculate the highest common factor of 2436 and v.
58
Let j = -61 + 63. Suppose -j = -12*m + 598. Suppose 4*b - m = 34. Calculate the highest common factor of 147 and b.
21
Suppose -1947 = -5*c + 2*b - 0*b, 4*b - 1971 = -5*c. Let v(u) = -7*u**2 - 5*u + 239. Let t be v(-6). What is the greatest common divisor of t and c?
17
Let x(i) = 2*i**2 - 48*i - 654. Let c be x(36). Calculate the highest common divisor of c and 4760.
70
Suppose 3*i + 2*i - 195 = 0. Let n = 2623 + -1375. Let a be (n/80)/((-3)/(-10)). Calculate the greatest common divisor of a and i.
13
Let l(r) = -r**2 - 28*r - 86. Let h be l(-6). Let w be (115/h)/((-1)/2) - -98. What is the highest common divisor of w and 217?
31
Let m be (-6 - -6)/((-5)/(15/6)). Suppose -5*z - 10 = m, -u - z = 15 - 5. Let t be (26 - 0)/(-4*2/u). What is the highest common factor of t and 117?
13
Let t(m) = 6705*m**2 - 193*m - 194. Let i be t(-1). Calculate the highest common divisor of 112 and i.
16
Let y = -11 + 14. Let c = y + 53. What is the greatest common divisor of 42 and c?
14
Suppose -50*j + 55*j - 100 = 0. Let w be 789/(-7) - (-4)/(-14). Let g = w + 163. What is the greatest common divisor of g and j?
10
Let j = -12410 + 12418. Let s(o) = 21*o**2 + 2*o + 1. Let z be s(-3). What is the highest common factor of z and j?
8
Let q = -1327 - -1935. What is the greatest common divisor of 3496 and q?
152
Let u be -1 - ((0 - 2) + -62). Let i = 28647 + -28458. Calculate the highest common divisor of i and u.
63
Let z = -4698 - -4703. What is the highest common factor of 115 and z?
5
Suppose 5*r = -m + 16, r - 7*m + 9*m = -4. Suppose -j = r*h - 39, -22*h = -3*j - 23*h + 172. What is the greatest common factor of j and 59?
59
Suppose -l + 49*o = 54*o - 65, 0 = l + 3*o - 71. Calculate the greatest common divisor of 230 and l.
10
Let o = 289 + -109. Let k(r) = -3*r**3 - 7*r**2 - r + 48. Let g be k(-8). Let w = 1164 - g. Calculate the highest common factor of w and o.
20
Suppose -6 = -4*k + k, y + 3*k - 22 = 0. Let h(n) = -n**2 + 20*n + 6. Let c be h(y). Calculate the greatest common divisor of c and 40.
10
Let m be (36/(-2))/3 + 6. Suppose -5*p - 5*j + 76 = -534, m = -4*p + 2*j + 470. Calculate the greatest common factor of p and 17.
17
Suppose -5*v - 25 = -h, v + 4 = 4*h - 20. Suppose -2*n + 48 = 2*u, -2*n - 105 = -h*u + 15. What is the highest common divisor of u and 24?
24
Suppose -3*m + 2*q + 25 = 0, 3*m + 0*q = 3*q + 30. Suppose -4*k = 2*g - 10, 5*g - m*k - 8 = 77. What is the highest common divisor of g and 39?
13
Suppose -2*x - 19 = 35. Let t = 51 + x. Suppose -5*v - 9 = -t, -105 = -2*z - 5*v. Calculate the highest common factor of z and 18.
9
Let r(b) = 26*b**2 + 86*b - 1396. Let q be r(16). Calculate the highest common divisor of q and 14.
14
Let b be (-4344)/(-14) + (-10230)/35805. Let p(y) = 9*y**2 - 4*y + 2. Let g be p(2). What is the highest common factor of b and g?
10
Let z = -308 + 208. Let x be 1 + ((-40)/z - (-238)/5). Let m be (7 - 0) + 0/2. What is the highest common divisor of m and x?
7
Let t = 8 - 7. Let p(y) = 4 + 41*y**3 + y - 9 + 2*y**3 - y**2 + 4. Let s be p(t). What is the greatest common divisor of s and 105?
21
Let r be 48*(0 - -1 - 9/18). What is the highest common factor of 222 and r?
6
Let k = -2159 + 3536. Calculate the highest common factor of 135 and k.
27
Suppose -16*z + 5*z + 44 = 0. Suppose -360 = -2*k - 8*o + z*o, -4*k - 4*o + 720 = 0. Calculate the greatest common divisor of 24 and k.
12
Suppose 2*x - 3*x = 4*f - 11, -2*x - f = -8. Suppose -3*i = x*z - i - 201, -3 = i. Suppose -2*y = -63 + 17. Calculate the greatest common factor of z and y.
23
Suppose 